 1. What is t(p)?
-1
Let j(n) = -3 - 5 - 1 - 2*n. Let r(z) = -3*z - 3. Let o be r(1). What is j(o)?
3
Let t(a) = -a**2 + 4*a - 4. Let q be t(2). Let j(v) = v**3 + v**2 - v - 9. Give j(q).
-9
Let q(w) be the first derivative of w**4/4 + w**3 - 3*w**2/2 - w + 8. Calculate q(-4).
-5
Let p(g) be the first derivative of g**4/4 + 5*g**3/3 - g**2 - 3*g - 9. Determine p(-5).
7
Let s(o) = -o**2 + 2*o. Let b(l) = -5*l**2 + 9*l + 1. Let a(d) = 2*b(d) - 11*s(d). What is a(2)?
-2
Suppose -4*v = 2 + 2. Let d(u) = 5*u - 6. Let b(a) = a - 1. Let f(l) = v*d(l) + 4*b(l). What is f(-5)?
7
Let t(i) = -8*i**2 - 3*i - 8*i**2 + 14*i**2. Calculate t(-3).
-9
Let p(c) = -c + 4. Let i(y) = -11 + 14*y - 7 + y**2 + 3*y. Let h be i(-18). Give p(h).
4
Let v = -1 - -4. Let g(j) = 2*j - 4*j + j + 16*j**3 - 2*j**v. Give g(1).
13
Let h be 2 - (21/(-3))/(-1). Let w be h/(-10) + (-1)/2. Let b(a) = -a**3 + 0*a + 2*a**3 + 2 - a. Calculate b(w).
2
Let s be (-8)/36 - 48/27. Let f(d) = d**2 + d + 2. Determine f(s).
4
Let j(u) = 4*u - 6. Let f(z) = 9*z - 13. Let c(a) = 3*f(a) - 7*j(a). Let t = 2 - -4. Calculate c(t).
-3
Let d(t) = -t + 2. Let g(i) = -9*i - 82. Let s be g(-10). Give d(s).
-6
Let t(m) = 4*m**3 + m**2 - 13 + 37 - 3*m**3 - m - 20. Let d = -2 + 2. Give t(d).
4
Let q(w) = -9*w**2 + 2*w - 1. Let j(i) = 16*i**2 - 3*i + 1. Let f(y) = -4*j(y) - 7*q(y). Give f(3).
-12
Let f(c) = -2*c**3 + c + 1. Let y be f(-1). Let p(t) = t + 0*t - 3*t**y - t**3 + 0*t + 2*t. Determine p(-4).
4
Suppose 3*v + 3*d - 9 = 0, 3*d = 3*v - 0 - 3. Let c(m) = 4*m**v + 2*m**3 + 3*m**3 - 6*m**3 - 2 - m. Give c(3).
4
Let a be 0/(-3 + 4) - 12. Let g = 9 + a. Let t(z) = 2*z**2 + 5*z. Let n(d) = -1. Let j(c) = -3*n(c) + t(c). Give j(g).
6
Let a(v) be the second derivative of v**4/6 - v**3/2 - 3*v**2/2 - 6*v. Determine a(-2).
11
Let v = -11 - -7. Let r(b) = -b**3 - 5*b**2 - 4*b. Determine r(v).
0
Let c(m) = -5*m + 6*m**2 + 7*m**3 - 2*m - 8*m**3 + 4. Suppose 3*z + 3*q - 11 = -q, 3*q = -z + 2. Calculate c(z).
-6
Let k(t) = -t**2 + t - 1. Let w(f) = -4*f**2 + f. Let m(l) = -3*k(l) + w(l). Determine m(4).
-21
Let t(o) = -1 - 9*o - 9*o + o + 18*o. Give t(4).
3
Let l(j) = -j + 11. Let f(i) = 2*i - 32. Let r(t) = 3*f(t) + 8*l(t). Give r(-6).
4
Let p be (-2)/(-8) - 23/(-4). Let z(f) be the first derivative of -f**2/2 + 2*f - 15. Calculate z(p).
-4
Let p(v) = 2 + 2 + 3*v + 0. Suppose -6*w + 48 = -9*w. Let g = w - -13. Give p(g).
-5
Let q(r) = -r**3 + 5*r**2 + r - 4. Let l(c) be the first derivative of c**2 + c - 2. Suppose 0 = -5*s - 0*k - 3*k + 4, 3*k = -6. Let v be l(s). Determine q(v).
1
Let f = -19 + 23. Let d(w) = 0 + w**3 - 1 + 5*w - 4*w**2 - w**2. What is d(f)?
3
Let m(u) = -u**2 + 6*u - 1. Let l be m(3). Let o = l - 11. Let h(b) = 6*b - 8*b - 3 + 0. What is h(o)?
3
Let s(a) = 2*a - a - 9 + 7 - 2*a**2 + a**3. Let f(t) = -3*t - 1. Let c be f(-1). What is s(c)?
0
Let j(x) be the first derivative of 5 + 1/3*x**3 - 2*x**2 - 5*x. Determine j(5).
0
Suppose 78*x - 79*x = 10. Let z(u) = -u**3 - 11*u**2 - 9*u + 3. Determine z(x).
-7
Let f = 9 + -9. Let a(b) be the third derivative of b**6/120 + b**5/60 - b**4/24 + b**3/2 + 2*b**2. Calculate a(f).
3
Let g be (-4 - 0)*(-3)/(-4). Let d(w) be the second derivative of -w**5/20 - 5*w**4/12 - 2*w**3/3 - 2*w + 23. What is d(g)?
-6
Let o(c) = 10*c**3 - c**2 - 9*c**3 + 4*c + 6*c**2. Suppose -2 = 2*z + 5*u + 1, z + 1 = -3*u. What is o(z)?
0
Let p be 3 - 0 - (-109)/1. Let u be p/24 + 2/(-3). Let g(r) be the third derivative of r**5/60 - r**4/8 + r**3/3 + r**2. Calculate g(u).
6
Let a(c) = -2*c + 1. Let p(g) = -9*g + 5. Let k(r) = 11*a(r) - 2*p(r). Give k(1).
-3
Let x(z) be the second derivative of z**4/12 + z**3 - 2*z**2 + 6*z. Determine x(-6).
-4
Let k(q) = 29*q - 7*q**2 - 4*q**3 + 5*q**3 - 22*q. Let o be (-16)/(-6)*9/4. Give k(o).
6
Let n(p) = p**3 - 4*p**2 - 5*p - 6. Let l = 75 + -73. Let y = 2 - 0. Suppose -i = 5*v - 24, i - 11 = -y*v + l*i. Calculate n(v).
-6
Let j be (-22)/6 - (-3)/(-9). Let i = 10 + -18. Let z = j - i. Let t(k) = -k**3 + 4*k**2 - k + 3. Determine t(z).
-1
Let z(p) = -p**3 + p**2 + p + 1. Let c be (-2*2 - 1)/(-1). Let d be 6/15 - 7/c. Determine z(d).
2
Let t be 1 + 1 + -2 + 0. Let q(h) = -h**2 + 8. Determine q(t).
8
Let p(t) = -3*t + 8*t - 5 + 4. Let j be p(1). Let a(w) = 0 + 2 + w - j. Calculate a(0).
-2
Let f(a) = -55 + 2*a + 124 - 63. Calculate f(-5).
-4
Let z(l) = -l**2 - l + 1. Let u be 2/7 - (-74)/(-14). Let w(h) = h**3 + 3*h**2 + 3*h - 2. Let n(q) = u*z(q) - w(q). Give n(2).
1
Let g(z) = -1 - z**2 + z + 0 + 0*z**2. Let u = 13 - 8. Let s = -2 + u. What is g(s)?
-7
Let a(z) = 4*z - 1. Let s(h) = h**3 - 9*h**2 + 8*h - 2. Suppose -40 = -5*f - 0*f. Let c be s(f). Give a(c).
-9
Let m(r) = 2*r**3 + r + 1. Let p be (2/(-4))/((-18)/(-72)). Determine m(p).
-17
Let o(x) = 9 - 5 + 7*x - 3. Determine o(1).
8
Let v(b) = -3*b**3 - 3*b**2 - b - 1. Let h(i) = i**3 + i**2 + i. Let l(p) = -2*h(p) - v(p). Determine l(0).
1
Suppose -5*w + w = -12. Let u = w - 2. Let o(f) = -13*f**2 + 4*f + 3. Let n(d) = -25*d**2 + 7*d + 5. Let b(l) = 3*n(l) - 5*o(l). Calculate b(u).
-9
Suppose -3*p = 1 + 17. Let k = p - -11. Let c(r) = 3*r - 17. Let m(j) = j - 6. Let b(a) = -2*c(a) + 7*m(a). Calculate b(k).
-3
Let l(o) = 7*o - 2. Let v(q) = -14*q + 5. Let w(a) = 7*l(a) + 3*v(a). Let r(y) = y**2 + 2 + 4*y - 1 + 0*y**2. Let n be r(-4). Give w(n).
8
Let a be (-1)/2 + (-30)/(-4). Let y(u) = -6*u + 8 - 5*u**2 - 8 + 10. Let v(z) = -6*z**2 - 7*z + 11. Let g(t) = a*y(t) - 6*v(t). Calculate g(0).
4
Let q(h) = -1 - 4*h + 4*h + 3*h. Suppose -2*g = -4*x - 12 + 4, -3*x = g - 4. What is q(g)?
11
Let s(o) = -o**3 + 4*o**2 - 4*o. Let h be s(3). Let l(v) = -5*v - 1. Let c(u) be the first derivative of -u**2/2 - u + 2. Let j(a) = -6*c(a) + l(a). Give j(h).
2
Let u(h) be the third derivative of h**4/24 + h**2. What is u(2)?
2
Let k = -9 - -15. Let q = -3 + k. Let p(i) = -i**2 + 4*i - 1. Calculate p(q).
2
Let m(f) = 5*f**2 + 2*f - 1. Let j = 10 - 4. Let c be (1 - -3) + (j - 9). Calculate m(c).
6
Let x(a) = 5*a + 9 - 3*a - 4. Calculate x(-6).
-7
Let w(k) = -k - 7. Let b(m) = m + 8. Let z(d) = 2*b(d) + 3*w(d). Let t be z(-8). Let j(x) = x**3 + 6 + 0*x**t - 2*x - 3*x**2 - 2*x. What is j(4)?
6
Let s = 3 + -1. Let v(o) = -s*o**3 + 4*o - 6*o**3 + 6*o**2 + 9*o**3. Suppose 6*f - 3*f + 15 = 0. What is v(f)?
5
Let r(z) be the second derivative of -5*z**2 + 4*z + 0 - 1/6*z**3. What is r(-7)?
-3
Let r(v) = -v**2 + 1. Let k(p) = -4*p**2 + p - 2. Let z(h) = k(h) + 3*r(h). Let w be (3/6)/(2/4). Suppose 0 = t - 0*t + w. Calculate z(t).
-7
Suppose -c - 7 + 8 = 0. Let u(g) = 3*g + 1. Give u(c).
4
Suppose 9 = l - 0*l - r, 15 = -5*r. Let x(d) = -d**3 + 13*d**2 + 13*d + 18. Let m be x(14). Suppose -2*k - l = -m*k. Let b(t) = 2*t - 3. Calculate b(k).
3
Let l(u) = 0*u**2 + 3*u - 2*u**2 + 3*u + 2. Let x(c) = -2*c**2 + 5*c + 1. Let z(k) = -2*l(k) + 3*x(k). Let f = -47 - -49. Determine z(f).
-3
Let f(o) = -o + 2. Let j(d) = -d + 3. Let x be 1/(1/(-2)) - 2. Let k(c) = x*f(c) + 3*j(c). Calculate k(4).
5
Let t(p) = -5*p**2 - 3. Let u(c) = 4*c**2 + 4. Let k(o) = 3*t(o) + 2*u(o). Suppose 0*m - 30 = -5*m. Suppose -g = 2*r - 0*r + m, 0 = 4*r + g + 8. Determine k(r).
-8
Let k(d) = -2*d**2 - 20*d. Let q(i) = -i**2 - 7*i. Let y(r) = 6*k(r) - 17*q(r). Let x be -1 - (-3)/9*0. Calculate y(x).
6
Suppose 4*u = -5*h + 59, h - 3*u - 57 = -2*h. Suppose -h = w - 0*w. Let o be 51/w + (-3)/5. Let q(j) = -j - 5. What is q(o)?
-1
Let u(t) = 5*t**2 - 4*t**2 - 2 + 0*t**2. Let l(i) = i + 1. Let k be l(2). Let b(v) = -v**2 + 3*v. Let p be b(k). What is u(p)?
-2
Let c(f) = 3 - 5 + 3 - 5*f. Suppose 6 = 2*n - 3*n. Let a be n/10 - (-4)/(-10). Calculate c(a).
6
Let n(u) = u**3 - 5*u**2 - 5*u + 6. Let s(i) = 2*i**3 - 3*i**2 + i. Let q be s(2). Calculate n(q).
12
Let i(c) = 7*c**2 - 2*c + 7. Let b(g) = 15*g**2 - 4*g + 15. Let a(d) = -6*b(d) + 13*i(d). What is a(2)?
1
Let r(z) = -z**3 - 6*z**2 - 4*z + 1. Let n(d) = -2*d + 9. Suppose -4*c = -7*c + 39. Suppose -2*h - c = -2*i + i, -2*i - 1 = 5*h. Let k be n(i). Give r(k).
-4
Suppose -5*t - 5*d - 5 = 0, -t = -5*d + d - 24. Suppose 5*i - 4 = 11. Let o(b) = -2*b**2 + 6 + 3*b**i - 4*b - b**2 - 2*b**3. Give o(t).
6
Let i(v) = 3. Let x(z) = z + 6. Let o(u) = 5*i(u) - 2*x(u). Let g = 11 - 6. Suppose -t - 1 = -g. Give o(t).
-5
